et h = 29 - 28. What is the remainder when j(h) is divided by 23?
19
Suppose -3*z + 96 = 30*q - 34*q, 2*q - 106 = -4*z. Calculate the remainder when 151 is divided by z.
11
Suppose 4*o + 16 = 0, 29*o - 25*o - 49 = -5*n. Let k(a) = -a**3 + 9*a**2 - 6*a - 6. What is the remainder when k(7) is divided by n?
11
Let z = 2297 - 2238. Calculate the remainder when 355 is divided by z.
1
Let i(v) = 15*v + 6. Let j(t) = -2*t. Let g(l) = 2*i(l) + 14*j(l). Calculate the remainder when 27 is divided by g(-3).
3
Let v = 0 - 3. Let w = 7 + v. Suppose -2*p - 5*g = -28, -2*p + 3*g = -44 + 16. What is the remainder when p is divided by w?
2
Suppose 44 = 2*m - 30. What is the remainder when m is divided by (12/(-10))/(33/(-715))?
11
Let d(z) = -z**3 + 5*z**2 + 9*z - 7. Let r(i) = -20*i - 3. Let u be r(-1). Calculate the remainder when u - -1*6/2 is divided by d(6).
9
Suppose 5*w = -2*h + 23, -2*w - 3*w - h = -19. Suppose -i + 3*c = -29, w*c + 35 = i + 2*c. Calculate the remainder when i is divided by 14.
10
Suppose -h + 1 = -3*w - 1, 2*h + w = 39. Let k(v) be the second derivative of -v**3/6 + 3*v**2/2 - 17*v. Calculate the remainder when h is divided by k(-7).
7
Let p(k) = 8*k**3 + k**2 - k - 1. Let o be p(2). Suppose 8*j - 417 + o = 0. Let h(i) = 2*i**2 - 6*i + 4. Calculate the remainder when j is divided by h(4).
8
Let s(z) = 2*z + 14. Let q be s(-8). Let y(b) = -70*b + 1. What is the remainder when y(-1) is divided by q/(-6) + (-106)/(-6)?
17
Suppose -2*z = 3*h - 6*h - 62, 141 = 5*z - 4*h. Suppose -5*s - 211 = -2*x - 63, 3*x - 2*s - 222 = 0. Calculate the remainder when x is divided by z.
24
Let i(y) = -y. Let u be i(-5). Suppose -187 = -6*r - u*r. Calculate the remainder when r is divided by 11.
6
Suppose -9*l + 2 = -25. Let s(r) = -2*r**3 - 4*r**2 + 2*r + 2. Calculate the remainder when 1 + l - 6 - -41 is divided by s(-3).
11
What is the remainder when 100 is divided by 555/25 + 1 + 4/5?
4
Let x(o) = -2*o**3 + 37*o**2 + 23*o + 1. Calculate the remainder when x(19) is divided by 40.
37
Suppose -12*m + 24 = -180. What is the remainder when 82 is divided by m?
14
Let i be 0 + 3 + (1 - 0). Suppose 0 = o - i - 1. Calculate the remainder when 11 is divided by o.
1
Let a be (-3)/(-9) + (-950)/(-30). Suppose a = -j + 79. What is the remainder when j is divided by 16?
15
Calculate the remainder when 180 is divided by (8*1)/(-6 + 140/23).
88
Suppose -p = -0*p. Suppose 0 = -4*q - p*d - 3*d + 68, -d = -2*q + 34. What is the remainder when 32 is divided by q?
15
Calculate the remainder when 75 is divided by (((0 - 2) + 31)/(-1))/(-1).
17
Suppose 2*j = -4*t + 188, 0 = -2*j - 2*j + 4*t + 352. What is the remainder when j is divided by 16?
10
Let z(i) = -i**3 + 13*i**2 + 51*i - 30. What is the remainder when 121 is divided by z(16)?
13
Let m(f) = f + 8. Let s be m(-5). Suppose a + 3*q = -0*a + 5, -s*a + 43 = -5*q. What is the remainder when 56/2 + (-2 - (-8)/2) is divided by a?
8
Suppose -6*g + 7*g = 312. Suppose p = 4*p - g. Let k = p - 17. Calculate the remainder when k is divided by 22.
21
Suppose -91 = -s - 4*r + 3, -3*s = -2*r - 212. Calculate the remainder when s is divided by 5.
4
Let b(a) = -a**2 - 37*a - 122. What is the remainder when b(-27) is divided by 17?
12
Let i(s) = s**3 + 2*s**2 - s + 1. Let y be i(-2). Suppose -y*u = 10 - 241. Let l = 5 - -15. What is the remainder when u is divided by l?
17
Suppose 4*s + 225 = 249. What is the remainder when s is divided by 3?
0
Let q(h) = 3*h - 11. Let k(t) = t + 14. Suppose -4*m + z = 40, z + 3*z - 16 = 0. Let v be k(m). Calculate the remainder when 5 is divided by q(v).
1
Let x be 1*20/(-5) - -6. Let g(c) = 15*c**2 + 2*c + 2. What is the remainder when g(x) is divided by 14?
10
Let b(f) = -f**2 + 10*f + 7. Let s = -86 - -35. Let h = 176 + s. Calculate the remainder when h is divided by b(5).
29
Calculate the remainder when (-266)/(-16) - (-72)/192 is divided by 6.
5
Let l = 86 + -80. Suppose 154 = 5*b + l*b. What is the remainder when b is divided by 2/(-4) + (-7)/(-2)?
2
Let v = 67 + -38. Let h(f) = 6*f - 1. Let n be h(6). Let u = -27 + n. Calculate the remainder when v is divided by u.
5
Let j = -7 - -7. Let n(l) = -l**3 - l**2 - l + 5. Let y be n(j). Let s = y - -7. What is the remainder when 47 is divided by s?
11
Let h(t) = -13*t - 179. What is the remainder when 285 is divided by h(-17)?
33
Let n(y) = 28*y - 55. What is the remainder when n(4) is divided by 6?
3
Suppose 3*h + g = -g + 44, -3*h + 29 = 5*g. Suppose 5*p = h + 32. Suppose 0 = a + l - 36, 0*a + 201 = 5*a - 2*l. Calculate the remainder when a is divided by p.
9
Let j(h) = -h**3 - 16*h**2 + 3*h + 130. Suppose 7 - 28 = -d. Calculate the remainder when j(-16) is divided by d.
19
Let z = 1199 - 1165. What is the remainder when 1085 is divided by z?
31
Suppose -5*k - 14 = 6. Let s = 5 - k. What is the remainder when s is divided by 3?
0
Suppose -5*h = -0 - 15. Let i(a) = 0*a**3 + 0*a**3 - 5*a**3 + 3*a + 3*a**h + 2*a**2. Calculate the remainder when i(-3) is divided by 22.
19
What is the remainder when 216 is divided by (-8)/(84/15 + -4 - 2)?
16
Let a = -1291 - -1297. Calculate the remainder when a is divided by 3/(-4) + (-55)/(-20).
0
Suppose 2*o = 4*c - 342, 2*o + 429 = 26*c - 21*c. Suppose 4*u = -5*l + 82, -3*l - 2*l - 26 = -2*u. What is the remainder when c is divided by u?
15
Let o(b) = -b + 21. Let s = 39 + -28. Let d(q) = -q**3 - 4*q**2 + 12*q + 6. Calculate the remainder when d(-7) is divided by o(s).
9
Let k(g) = -4*g. Suppose -x + 3*n = -8, -4*n - 5 = -x - 1. What is the remainder when x is divided by k(-2)?
4
Suppose 14 = a + 1. Let n(r) = -3*r - 2. Let l(m) = 5*m + 4. Let o(t) = -4*l(t) - 7*n(t). Calculate the remainder when a is divided by o(10).
5
Let i = -74 - -71. What is the remainder when 151 is divided by 3*1/i*-38?
37
Suppose 5*a - 2*a - 6 = 0. Let x(s) = s**2 - 2. Calculate the remainder when 5 is divided by x(a).
1
Suppose 3*f + 29 = 50. Suppose -3*w + f*w + 84 = p, -5*p - 3*w + 351 = 0. Calculate the remainder when p is divided by 15.
12
Let y = 531 + -464. What is the remainder when y is divided by 36?
31
Let z(s) = -s**3 - 24*s**2 + 50*s + 14. What is the remainder when 196 is divided by z(-26)?
64
Suppose 2*p = -3*n + 340, 4*p - 569 = -n + 111. Let x = p - 77. What is the remainder when x is divided by 16?
13
Calculate the remainder when (-168)/(-30)*(-2 + (-27)/(-6)) is divided by 7.
0
Suppose 0 = -25*o + 33*o - 1552. What is the remainder when o is divided by 51?
41
Suppose 8 = -2*j + 4*j. Let x(s) = -j - 4*s - 1 - 4*s**2 - s**3 - 2*s**2 + 3*s**2. What is the remainder when 51 is divided by x(-4)?
24
Suppose 0 = -0*u + 4*u - 140. Let s = 28 - 6. Let y = s - 13. What is the remainder when u is divided by y?
8
What is the remainder when (1 - 0/(-2))*25 is divided by 11 + 3 + (-1 - 2)?
3
Let s be 32/4 - (1 + 3). Suppose s*u - r - 40 = 0, -u - 2*u - 2*r + 19 = 0. Calculate the remainder when 16 is divided by u.
7
What is the remainder when 240 is divided by 3/(-12)*2 + 152/16?
6
Calculate the remainder when (-515)/(-25) - (-6)/(-10) is divided by 7.
6
Let o(b) = -3*b + 9. Calculate the remainder when 61 is divided by o(-4).
19
Suppose -d + z + 1 = 0, 5*d + 7 = z + 16. Calculate the remainder when (-8)/d + -1 - -208 is divided by 41.
39
Let i(s) = s**3 + 9*s**2 - 118*s - 1062. Suppose -26 = -2*y + 5*c, 9 = 2*y + 3*c - 1. Calculate the remainder when i(-10) is divided by y.
2
Let r(g) = -g**3 + 13*g**2 - 9*g - 3. Let b be r(10). Suppose 4*s - s = b. What is the remainder when s is divided by 14?
13
Suppose 3*n - 18 = -3*m, n - 4*m = -3*m. Suppose -4*l - 68 = u + 2*u, 2*l + 76 = -3*u. Let g = u - -34. Calculate the remainder when g is divided by n.
0
Suppose 6*m = 1484 - 776. What is the remainder when m is divided by 43?
32
Let s(c) = 16*c**2 - 3*c + 4. Suppose -4*i + 32 + 4 = 0. Calculate the remainder when s(2) is divided by i.
8
Let p = -109 + 113. Suppose 28 = -p*u + 304. Calculate the remainder when u is divided by 7.
6
Suppose 0 = -2*l + 1 - 5, 2*l = -4*z + 20. Let h(x) = x**2 - 6*x + 7. Suppose 4*r - 34 = -2*p, -1 = -r - 5. What is the remainder when p is divided by h(z)?
4
Calculate the remainder when 193 is divided by (0 - 1)/((-3)/153).
40
Let s be (-9 - -128) + 1*-1. Suppose 4*c = s - 10. Calculate the remainder when 